
Let f(b) = 3*b + 15. What is f(-9)?
-12
Let o(j) = -j**2 - 10*j - 16. Calculate o(-7).
5
Let d(n) = n**2 + 4*n - 6. What is d(-6)?
6
Let n(d) = d**3 - 6*d**2 - 4*d - 8. Determine n(6).
-32
Let g(c) = -4*c - 92. Determine g(-22).
-4
Let w(u) = u**3 + 10*u**2 + 8*u - 14. Determine w(-9).
-5
Let q(p) = -2*p - 38. Give q(-21).
4
Let u(i) = -i**3 - 7*i**2 + 2*i + 7. Calculate u(-7).
-7
Let g(a) = -a**2 + 10*a - 32. Give g(10).
-32
Let o(s) = s**3 - 5*s**2 + 8*s + 10. What is o(-3)?
-86
Let n(a) = 8*a**2 + 32*a - 6. Give n(-4).
-6
Let p(j) = j**2 + 4*j - 61. Give p(6).
-1
Let f(k) = k**3 - 6*k**2 - 17*k + 11. Give f(8).
3
Let f(q) = 10*q - 60. Calculate f(6).
0
Let t(g) = g**2 + 2*g - 2. What is t(-3)?
1
Let u(y) = y**3 + 17*y**2 + 17*y + 9. Calculate u(-16).
-7
Let b(u) = u**3 - 5*u**2 - 31*u + 5. Determine b(9).
50
Let v(m) = -m + 2. Give v(-6).
8
Let s(p) = p + 31. Give s(-19).
12
Let o(h) = h - 8. Calculate o(-7).
-15
Let i(z) = -8*z**2 - 1. Calculate i(-1).
-9
Let s(i) = -2*i - 22. Calculate s(-11).
0
Let o(b) = b + 1. Calculate o(8).
9
Let k(r) = -r**3 + 16*r**2 - 2*r + 40. Calculate k(16).
8
Let n(r) = 3*r**2 - 32*r + 20. What is n(11)?
31
Let u(j) = j**3 - 3*j**2 - j. What is u(3)?
-3
Let x(z) = 3*z**2 + 2*z + 2. Calculate x(2).
18
Let f(g) = -g**2 - 20*g + 71. Determine f(-23).
2
Let k(u) = u - 2. What is k(8)?
6
Let l(q) = 24*q + 54. Give l(-2).
6
Let i(s) = 19*s**2 + 4*s - 1. Determine i(-1).
14
Let x(b) = 2*b**2 - 14*b - 21. What is x(8)?
-5
Let u(b) = -b**2 + 10*b + 4. What is u(10)?
4
Let l(y) = 4*y + 133. Calculate l(-37).
-15
Let r(p) = p**2 + 4*p + 11. Determine r(-3).
8
Let j(q) = 43*q + 37. Give j(-6).
-221
Let y(v) = -v**2 - 42*v - 216. Give y(-36).
0
Let t(z) = z**2 - 7. Calculate t(6).
29
Let p(s) = 19*s + 250. Calculate p(-14).
-16
Let n(g) = -17*g**2 + 2*g + 2. Calculate n(-1).
-17
Let o(i) = i**2 + 5*i - 5. Give o(-7).
9
Let m(k) = k**3 + 6*k**2 + k + 20. Calculate m(-6).
14
Let b(r) = -16*r - 20. Determine b(8).
-148
Let c(z) = -21*z + 278. Determine c(13).
5
Let d(t) = -4*t**3 - 6*t**2 + 6*t - 2. Determine d(-3).
34
Let d(y) = -y**3 + 5*y**2 + 8*y - 1. What is d(6)?
11
Let s(c) = -c**3 + 36*c**2 - 41*c + 206. What is s(35)?
-4
Let q(w) = w**2 - 19*w - 22. Give q(20).
-2
Let l(j) = 3*j + 82. Determine l(-29).
-5
Let y(q) = 2*q**2 - 40*q - 87. Determine y(-2).
1
Let u(t) = -5*t**2 - 219*t + 38. What is u(-44)?
-6
Let c(s) = 4*s**2 + 92*s - 92. What is c(-24)?
4
Let s(y) = 3*y - 80. What is s(24)?
-8
Let g(q) = 3*q - 5. Determine g(5).
10
Let t(l) = -2*l**3 + 202*l**2 - 3*l + 309. Give t(101).
6
Let u(f) = f**3 + f**2 - f - 20. Calculate u(0).
-20
Let c(t) = -9*t + 23. What is c(3)?
-4
Let b(x) = 2*x - 6. Determine b(7).
8
Let x(p) = -6*p. Determine x(-2).
12
Let b(v) = -v**2 - v - 14. Determine b(7).
-70
Let h(l) = 7*l + 2. Give h(2).
16
Let s(w) = 5*w - 51. What is s(10)?
-1
Let f(d) = d**2 - d + 11. Calculate f(6).
41
Let g(t) = t**3 + 16*t**2 - 36*t + 18. Calculate g(-18).
18
Let p(x) = 3*x + 10. Determine p(-8).
-14
Let g(q) = 2*q**2 - 5*q + 7. Calculate g(3).
10
Let t(x) = x**3 - 10*x**2 + 17*x + 16. Calculate t(7).
-12
Let c(u) = u**3 + 14*u**2 - 13*u + 15. Give c(-15).
-15
Let j(b) = b**3 + 8*b**2 + 2*b - 7. Give j(-8).
-23
Let t(h) = 2*h**2 - 27*h - 11. Give t(13).
-24
Let h(f) = -9*f**2 - 19*f - 20. Calculate h(-1).
-10
Let q(g) = -g**2 + 15*g - 18. Calculate q(12).
18
Let s(x) = 2*x**2 - 31*x - 18. Give s(16).
-2
Let n(m) = m**3 + 8*m**2 + 7*m - 9. Give n(-6).
21
Let c(t) = -11*t**2 + 2*t + 1. Determine c(2).
-39
Let c(r) = -4*r + 24. Calculate c(7).
-4
Let l(f) = -f**3 + 28*f**2 + 6*f - 174. What is l(28)?
-6
Let f(r) = 3*r**2 + 53*r + 35. Give f(-17).
1
Let q(n) = 3*n + 40. What is q(-12)?
4
Let f(d) = -10*d + 2. Calculate f(3).
-28
Let i(s) = 7*s + 47. What is i(-6)?
5
Let l(y) = -4*y - 9. Determine l(0).
-9
Let j(f) = -2*f - 4. Determine j(-4).
4
Let m(p) = 13*p**2 - 2*p - 1. What is m(1)?
10
Let r(c) = 8*c**2 - 4*c + 4. What is r(2)?
28
Let u(j) = 10*j + 44. Calculate u(-7).
-26
Let m(w) = -w**3 - 6*w**2 + 7*w - 6. Determine m(-7).
-6
Let z(b) = 4*b - 2. Calculate z(2).
6
Let a(d) = 33*d**2 + 3*d - 2. Determine a(1).
34
Let h(g) = -33*g - 267. Calculate h(-8).
-3
Let d(u) = -4*u - 14. Determine d(-4).
2
Let r(m) = -m**3 - 21*m**2 - 2*m - 46. What is r(-21)?
-4
Let i(c) = c**2 - 9*c - 243. Give i(21).
9
Let b(g) = -g**3 - 4*g**2 - 2*g + 6. Calculate b(-4).
14
Let t(b) = -b**3 - 15*b**2 - 27*b - 52. Calculate t(-13).
-39
Let k(l) = -l**3 - 10*l**2 - 17*l + 9. What is k(-8)?
17
Let s(i) = i**3 + 9*i**2 - i - 3. Give s(-9).
6
Let g(r) = 17*r + 18. Give g(-4).
-50
Let p(n) = -2*n - 53. Calculate p(-11).
-31
Let f(s) = s**3 - 2*s + 22. Give f(0).
22
Let s(n) = -n**2 - 10*n + 9. Calculate s(-10).
9
Let z(m) = 5*m - 29. What is z(13)?
36
Let v(j) = -j**2 - 21*j - 112. Calculate v(-6).
-22
Let v(k) = -5*k**2 + 16*k + 5. Calculate v(5).
-40
Let b(w) = w + 12. Give b(-6).
6
Let d(u) = 11*u**2 + 13*u + 28. Give d(-3).
88
Let a(f) = -5*f + 11. Give a(4).
-9
Let s(t) = 4*t - 6. Calculate s(0).
-6
Let d(q) = -6*q. Determine d(-3).
18
Let n(b) = -37*b**2 + 7*b. Determine n(2).
-134
Let d(s) = 6*s - 57. What is d(-2)?
-69
Let i(o) = o**3 - 19*o**2 - 40*o - 44. Determine i(21).
-2
Let g(l) = -27*l**2 - 5*l - 3. Determine g(-2).
-101
Let a(y) = -3*y**2 - 4*y. Give a(-3).
-15
Let a(p) = p - 2. Determine a(4).
2
Let u(y) = 21*y - 106. What is u(5)?
-1
Let c(f) = -f**3 - 10*f**2 - 6*f + 20. Give c(-9).
-7
Let s(j) = -j - 29. Determine s(-18).
-11
Let b(r) = r**2 + 36*r - 46. What is b(-37)?
-9
Let h(w) = 8*w + 6. What is h(5)?
46
Let y(f) = -68*f**3 + f**2 + 4*f + 4. Give y(-1).
69
Let n(u) = -2*u + 5. Determine n(-3).
11
Let y(v) = 7*v - 28. Give y(8).
28
Let x(z) = z**2 + 2*z + 60. What is x(0)?
60
Let s(o) = 4*o - 3. Give s(-6).
-27
Let a(f) = -f**3 + 14*f**2 + 3*f - 34. What is a(14)?
8
Let y(i) = -2*i**2 - 10*i + 12. Give y(-5).
12
Let i(u) = 2*u - 32. Calculate i(17).
2
Let b(m) = -m**2 - 11*m + 17. Give b(-13).
-9
Let o(x) = -x**2 - 30*x - 69. Give o(-28).
-13
Let x(n) = 9*n - 21. What is x(4)?
15
Let c(x) = 4*x - 4. Calculate c(-5).
-24
Let g(u) = u**3 + 13*u**2 + 25*u + 3. Give g(-11).
-30
Let b(p) = 78*p**2 - 6*p - 7. What is b(-1)?
77
Let y(m) = -m**2 + 7*m + 15. Give y(10).
-15
Let a(y) = 2*y**2 + y + 4. What is a(4)?
40
Let j(d) = -d**3 + 13*d**2 - 34*d + 36. What is j(10)?
-4
Let s(p) = p**2 + 4*p - 2. Determine s(-7).
19
Let w(j) = -2*j + 3. Give w(-3).
9
Let q(b) = -3*b - 12. Calculate q(-4).
0
Let j(c) = -c**3 - 4*c**2 + 5*c + 13. What is j(-4)?
-7
Let p(i) = 11*i - 8. Determine p(-4).
-52
Let r(u) = u**3 - 13*u**2 + 8*u + 39. Give r(12).
-9
Let y(f) = 27*f**3 + f**2 + 2*f - 3. Give y(1).
27
Let b(j) = -15*j - 132. Calculate b(-8).
-12
Let s(i) = i**3 - 44*i**2 + 196*i - 33. Calculate s(39).
6
Let t(r) = -5*r - 35. What is t(-6)?
-5
Let z(o) = 9*o**2 + 26*o + 4. Calculate z(-3).
7
Let d(b) = 2*b**2 - 12*b - 2. What is d(12)?
142
Let c(t) = t**3 + t**2 + t - 21. Calculate c(0).
-21
Let v(j) = j**3 + 2*j**2 + 5*j + 7. Calculate v(-4).
-45
Let s(o) = -o**3 - 5*o**2 - 7*o - 31. Calculate s(-5).
4
Let a(n) = -n**3 - 8*n**2 - 11*n - 8. Determine a(-7).
20
Let j(g) = -2*g - 1. Give j(-4).
7
Let u(q) = q**3 - 9*q**2 - 13*q - 10. Give u(11).
89
Let n(f) = -f**3 - 51*f**2 + 50*f - 111. Determine n(-52).
-7
Let l(p) = 59*p - 50. Determine l(1).
9
Let s(k) = 21*k + 113. Give s(-5).
8
Let y(c) = -11*c - 51. Calculate y(-5).
4
Let n(f) = -9*f + 47. What is n(5)?
2
Let w(i) = 5*i - 5. Calculate w(6).
25
Let c(d) = 24*d**2 + d - 2. Calculate c(-3).
211
Let h(c) = c**3 - 2*c**2 + 12*c - 67. Determine h(4).
13
Let i(a) = a**2 - 14*a - 48. What is i(16)?
-16
Let h(m) = m - 63. Determine h(50).
-13
Let u(y) = 12*y + 7. Determine u(2).
31
Let x(i) = i**3 - i**2 - 5*i + 21. Give x(0).
21
Let q(d) = 3*d + 9. Give q(1).
12
Let k(x) = x**2 - 10*x - 3. Give k(0).
-3
Let y(b) = -b**3 - 10*b**2 - 10*b - 19. Give y(-9).
-10
Let b(k) = k**3 + 9*k**2 + 15*k + 9. Determine b(-7).
2
Let g(h) = h**3 + 11*h**2 - h - 9. What is g(-11)?
2
Let k(m) = m**2 - 7*m + 4. Give k(6).
-2
Let p(c) = -c**2 + 18*c - 42. Determine p(15).
3
Let u(o) = -o**2 - 20*o - 68. What is u(-4)?
-4
Let d(n) = -n**2 + 16*n - 12. Determine d(11).
43
Let a(u) = -4*u. Deter